{"id":83,"date":"2021-06-23T20:49:24","date_gmt":"2021-06-23T18:49:24","guid":{"rendered":"http:\/\/smartpo.cluster030.hosting.ovh.net\/?page_id=83"},"modified":"2021-07-23T19:24:34","modified_gmt":"2021-07-23T17:24:34","slug":"nos-offres","status":"publish","type":"page","link":"https:\/\/smart4p.com\/index.php\/nos-offres\/","title":{"rendered":"Nos offres"},"content":{"rendered":"\n<h2 class=\"has-text-color has-background\" style=\"background-color:#91bd3a;color:#4d4d4d\"><strong>SmartDAR\u00ae Ecosystem<\/strong><\/h2>\n\n\n\n<div class=\"wp-block-columns\">\n<div class=\"wp-block-column\" style=\"flex-basis:33.33%\">\n<p><strong>SmartDAR\u00ae Ecosystem<\/strong> : Un cadre complet d\u2019outils, de m\u00e9thodes, de formations et de composants d\u00e9velopp\u00e9s par Smart4P. Il s\u2019utilise et s&rsquo;ex\u00e9cute principalement sur les plateformes de Business Intelligence Qlik en mode <strong>POC<\/strong>, <strong>Build <\/strong>et <strong>Run<\/strong>.<br><\/p>\n\n\n\n<p>Il comprend un grand nombre de sources (QVS, EXT, Viz), de Template document (DOC, PPT, XLS, \u2026) et applicatifs (QVF), une base de connaissances (Architecture, UX, POC \u2026), une m\u00e9thodologie, \u2026<br><\/p>\n\n\n\n<p>Un vrai concentr\u00e9 de \u00ab\u00a0<strong>Template<\/strong>\u00ab\u00a0, de \u00ab\u00a0<strong>Design Patterns<\/strong>\u00a0\u00bb et de \u00ab\u00a0<strong>Best Practices<\/strong>\u00a0\u00bb pour maitriser et \u00e9clairer votre \u00ab\u00a0<strong>Data Univers<\/strong>\u00a0\u00bb <\/p>\n<\/div>\n\n\n\n<div class=\"wp-block-column\" style=\"flex-basis:66.66%\">\n<div class=\"wp-block-columns\">\n<div class=\"wp-block-column\" style=\"flex-basis:100%\">\n<figure class=\"wp-block-video aligncenter\"><video autoplay loop muted poster=\"\" preload=\"auto\" src=\"https:\/\/smart4p.com\/wp-content\/uploads\/2021\/07\/Smart4P-Prez-Video-Offres.mp4\" playsinline><\/video><\/figure>\n<\/div>\n<\/div>\n<\/div>\n<\/div>\n\n\n\n<h2 class=\"has-text-color has-background\" style=\"background-color:#4d4d4d;color:#91bd3a\"><strong>SmartDAR\u00ae Learn<\/strong><\/h2>\n\n\n\n<h2><img loading=\"lazy\" width=\"1352\" height=\"1603\" class=\"wp-image-494\" style=\"width: 55px;\" src=\"https:\/\/smart4p.com\/wp-content\/uploads\/2021\/06\/SmartDAR_Learn2.png\" alt=\"\" srcset=\"https:\/\/smart4p.com\/wp-content\/uploads\/2021\/06\/SmartDAR_Learn2.png 1352w, https:\/\/smart4p.com\/wp-content\/uploads\/2021\/06\/SmartDAR_Learn2-253x300.png 253w, https:\/\/smart4p.com\/wp-content\/uploads\/2021\/06\/SmartDAR_Learn2-864x1024.png 864w, https:\/\/smart4p.com\/wp-content\/uploads\/2021\/06\/SmartDAR_Learn2-768x911.png 768w, https:\/\/smart4p.com\/wp-content\/uploads\/2021\/06\/SmartDAR_Learn2-1295x1536.png 1295w\" sizes=\"(max-width: 1352px) 100vw, 1352px\" \/>  <\/h2>\n\n\n\n<p><strong>SmartDAR\u00ae Learn<\/strong> est une offre de formation avanc\u00e9e sur les technologies et modules Qlik :<\/p>\n\n\n\n<div class=\"wp-block-columns\">\n<div class=\"wp-block-column\">\n<ul><li>QMC<\/li><li>Data load editor<\/li><li>Data Manager<\/li><li>Data model viewer<\/li><li>Logical model<\/li><\/ul>\n<\/div>\n\n\n\n<div class=\"wp-block-column\">\n<ul><li>Vocabulary<\/li><li>Analyse sheet<\/li><li>Analyse insights<\/li><li>Narrate storytelling<\/li><\/ul>\n<\/div>\n<\/div>\n\n\n\n<p>Elle couvre l\u2019ensemble des disciplines BI suivantes :<\/p>\n\n\n\n<ul><li><strong>QMC Admin <\/strong>(Applications, Users, Security, Scheduler, Cluster, \u2026)<\/li><li><strong>Smart USER<\/strong> (Data Viz, Data Discovery, Self-Service &amp; Analyse insights)<\/li><li><strong>Smart Developer<\/strong> (Advanced Data Architect\/Developer)<\/li><\/ul>\n\n\n\n<p><\/p>\n\n\n\n<h2 class=\"has-text-color has-background\" style=\"background-color:#4d4d4d;color:#91bd3a\"><strong>SmartDAR\u00ae Framework<\/strong><\/h2>\n\n\n\n<h2><img loading=\"lazy\" width=\"1015\" height=\"886\" class=\"wp-image-204\" style=\"width: 55px;\" src=\"https:\/\/smart4p.com\/wp-content\/uploads\/2021\/06\/SmartDAR_Framework.png\" alt=\"\" srcset=\"https:\/\/smart4p.com\/wp-content\/uploads\/2021\/06\/SmartDAR_Framework.png 1015w, https:\/\/smart4p.com\/wp-content\/uploads\/2021\/06\/SmartDAR_Framework-300x262.png 300w, https:\/\/smart4p.com\/wp-content\/uploads\/2021\/06\/SmartDAR_Framework-768x670.png 768w\" sizes=\"(max-width: 1015px) 100vw, 1015px\" \/><\/h2>\n\n\n\n<p><strong>SmartDAR\u00ae Framework<\/strong> est un \u201ccadre technique de d\u00e9veloppement pour Qlik\u201c. Son objectif est de simplifier le travail des \u00e9quipes DigitalBI, en leur offrant une architecture contr\u00f4l\u00e9e et un socle pr\u00eat \u00e0 l\u2019emploi pour ne pas r\u00e9\u00e9crire \u00e0 z\u00e9ro \u00e0 chaque nouveau projet ou module.<\/p>\n\n\n\n<p>Ces principaux avantages sont donc :<\/p>\n\n\n\n<ul><li>la r\u00e9utilisation des codes robustes, document\u00e9s et valid\u00e9s<\/li><li>la rationalisation de la programmation avec des normes et des Template<\/li><li>la formalisation d\u2019une architecture adaptable au contexte et aux besoins du client<\/li><\/ul>\n\n\n\n<p>C\u2019est un Framework enrichi par capitalisation de plusieurs ann\u00e9es d\u2019exp\u00e9rience en d\u00e9veloppement.<\/p>\n\n\n\n<p><\/p>\n\n\n\n<p><\/p>\n\n\n\n<h2 class=\"has-text-color has-background\" style=\"background-color:#4d4d4d;color:#91bd3a\"><strong>SmartDAR\u00ae POC<\/strong><\/h2>\n\n\n\n<h2><img loading=\"lazy\" width=\"615\" height=\"886\" class=\"wp-image-209\" style=\"width: 55px;\" src=\"https:\/\/smart4p.com\/wp-content\/uploads\/2021\/06\/SmartDAR_POC.png\" alt=\"\" srcset=\"https:\/\/smart4p.com\/wp-content\/uploads\/2021\/06\/SmartDAR_POC.png 615w, https:\/\/smart4p.com\/wp-content\/uploads\/2021\/06\/SmartDAR_POC-208x300.png 208w\" sizes=\"(max-width: 615px) 100vw, 615px\" \/><\/h2>\n\n\n\n<p><strong>SmartDAR\u00ae POC (Proof Of Concept) <\/strong>: Une fa\u00e7on de tester des faisabilit\u00e9s en toute s\u00e9curit\u00e9 de vos solutions. Quatre types de besoins :<\/p>\n\n\n\n<ul><li><strong>SmartDAR\u00ae Business POC<\/strong> : Test de faisabilit\u00e9 d\u2019un scope de fonctionnalit\u00e9s m\u00e9tier sur un jeux de donn\u00e9es source : 5 \u00e0 10 jours.<\/li><li><strong>SmartDAR\u00ae VDA POC<\/strong> : Faisabilit\u00e9 et d\u00e9mo r\u00e9elle de fonctionnalit\u00e9s DigitalBI (Data <strong>V<\/strong>iz, Data <strong>D<\/strong>iscovery, Data <strong>A<\/strong>nalytics, Self-Service, Analyse insights, \u2026) : 0,5 \u00e0 2 jours<\/li><li><strong>SmartDAR\u00ae Arc POC<\/strong> : Un test grandeur nature de votre architecture cible en mode DEMO : 4 \u00e0 9 jours.<\/li><li><strong>SmartDAR\u00ae Security POC<\/strong> : Faisabilit\u00e9 de la mise en \u0153uvre de l\u2019authentification, d\u2019autorisation et des habilitations en fonction de votre environnement et infrastructure IT : 2 \u00e0 6 jours.<\/li><\/ul>\n\n\n\n<p><\/p>\n\n\n\n<p><\/p>\n\n\n\n<h2 class=\"has-text-color has-background\" style=\"background-color:#4d4d4d;color:#91bd3a\"><strong>SmartDAR\u00ae UX\/UI<\/strong><\/h2>\n\n\n\n<h2><img loading=\"lazy\" width=\"1173\" height=\"886\" class=\"wp-image-213\" style=\"width: 80px;\" src=\"https:\/\/smart4p.com\/wp-content\/uploads\/2021\/06\/SmartDAR_UX_UI.png\" alt=\"\" srcset=\"https:\/\/smart4p.com\/wp-content\/uploads\/2021\/06\/SmartDAR_UX_UI.png 1173w, https:\/\/smart4p.com\/wp-content\/uploads\/2021\/06\/SmartDAR_UX_UI-300x227.png 300w, https:\/\/smart4p.com\/wp-content\/uploads\/2021\/06\/SmartDAR_UX_UI-1024x773.png 1024w, https:\/\/smart4p.com\/wp-content\/uploads\/2021\/06\/SmartDAR_UX_UI-768x580.png 768w\" sizes=\"(max-width: 1173px) 100vw, 1173px\" \/><\/h2>\n\n\n\n<p><strong>SmartDAR\u00ae UX\/UI<\/strong> : Les disciplines de la DigitalBI ( Data Preparation, Dataviz, DataDiscovery et DataAnalytics) doivent tenir compte de l&rsquo;exp\u00e9rience utilisateur et \u00eatres ergonomiques et adapt\u00e9es aux besoins des utilisateurs pour augmenter leur valeur d&rsquo;usage.<\/p>\n\n\n\n<figure class=\"wp-block-image size-large is-style-default\"><img loading=\"lazy\" width=\"1024\" height=\"577\" src=\"https:\/\/smart4p.com\/wp-content\/uploads\/2021\/06\/SmartDAR_UX2-2-1024x577.png\" alt=\"\" class=\"wp-image-667\" srcset=\"https:\/\/smart4p.com\/wp-content\/uploads\/2021\/06\/SmartDAR_UX2-2-1024x577.png 1024w, https:\/\/smart4p.com\/wp-content\/uploads\/2021\/06\/SmartDAR_UX2-2-300x169.png 300w, https:\/\/smart4p.com\/wp-content\/uploads\/2021\/06\/SmartDAR_UX2-2-768x432.png 768w, https:\/\/smart4p.com\/wp-content\/uploads\/2021\/06\/SmartDAR_UX2-2-1536x865.png 1536w, https:\/\/smart4p.com\/wp-content\/uploads\/2021\/06\/SmartDAR_UX2-2-2048x1153.png 2048w\" sizes=\"(max-width: 1024px) 100vw, 1024px\" \/><\/figure>\n\n\n\n<p><\/p>\n\n\n\n<p><\/p>\n\n\n\n<h2 class=\"has-text-color has-background\" style=\"background-color:#4d4d4d;color:#91bd3a\"><strong>SmartDAR\u00ae ARC<\/strong><\/h2>\n\n\n\n<h2><img loading=\"lazy\" width=\"1156\" height=\"886\" class=\"wp-image-235\" style=\"width: 75px;\" src=\"https:\/\/smart4p.com\/wp-content\/uploads\/2021\/06\/SmartDAR_Arc.png\" alt=\"\" srcset=\"https:\/\/smart4p.com\/wp-content\/uploads\/2021\/06\/SmartDAR_Arc.png 1156w, https:\/\/smart4p.com\/wp-content\/uploads\/2021\/06\/SmartDAR_Arc-300x230.png 300w, https:\/\/smart4p.com\/wp-content\/uploads\/2021\/06\/SmartDAR_Arc-1024x785.png 1024w, https:\/\/smart4p.com\/wp-content\/uploads\/2021\/06\/SmartDAR_Arc-768x589.png 768w\" sizes=\"(max-width: 1156px) 100vw, 1156px\" \/><\/h2>\n\n\n\n<p><strong>SmartDAR\u00ae ARC<\/strong> : Architecturer votre chaine BI c\u2019est la dimensionner, l\u2019organiser, la distribuer et l\u2019ordonnancer. C\u2019est une \u00e9tape cl\u00e9 de la mise en \u0153uvre d&rsquo;une solution de business intelligence optimale qui permet des Dashboard et des analyses avanc\u00e9es pour un pilotage r\u00e9ussi de la performance de l&rsquo;entreprise. L\u2019architecture se d\u00e9cline sur plusieurs aspects&nbsp;(Infra, fonctionnelle, applicative, \u2026) et doit \u00eatre formalis\u00e9e dans un document d\u2019architecture technique (<strong>DAT<\/strong>). Nous accompagnons les organisations, en particulier les DSI, d\u2019une part \u00e0 bien expliciter le but de l\u2019architecture cible, de d\u00e9finir les contraintes et formaliser le contexte en termes de besoins fonctionnels et non fonctionnels, et d\u2018autre part de d\u00e9cliner l\u2019architecture de chaque couche&nbsp;en particulier les architectures&nbsp;<strong>fonctionnelle<\/strong>, <strong>applicative <\/strong>et <strong>technique<\/strong>.<\/p>\n\n\n\n<p><\/p>\n\n\n\n<p><\/p>\n\n\n\n<h2 class=\"has-text-color has-background\" style=\"background-color:#4d4d4d;color:#91bd3a\"><strong>SmartDAR\u00ae Build<\/strong> \/ <strong>RUN<\/strong><\/h2>\n\n\n\n<h2><img loading=\"lazy\" width=\"1834\" height=\"1125\" class=\"wp-image-501\" style=\"width: 85px;\" src=\"https:\/\/smart4p.com\/wp-content\/uploads\/2021\/06\/SmartDAR_BuildRun.png\" alt=\"\" srcset=\"https:\/\/smart4p.com\/wp-content\/uploads\/2021\/06\/SmartDAR_BuildRun.png 1834w, https:\/\/smart4p.com\/wp-content\/uploads\/2021\/06\/SmartDAR_BuildRun-300x184.png 300w, https:\/\/smart4p.com\/wp-content\/uploads\/2021\/06\/SmartDAR_BuildRun-1024x628.png 1024w, https:\/\/smart4p.com\/wp-content\/uploads\/2021\/06\/SmartDAR_BuildRun-768x471.png 768w, https:\/\/smart4p.com\/wp-content\/uploads\/2021\/06\/SmartDAR_BuildRun-1536x942.png 1536w\" sizes=\"(max-width: 1834px) 100vw, 1834px\" \/><\/h2>\n\n\n\n<p><strong>SmartDAR\u00ae Build<\/strong> \/ <strong>RUN <\/strong>est une offre d\u2019assistance technique en amont, durant et en aval de vos projets de transformation DigitalBI en mode forfait, r\u00e9gie ou support:<\/p>\n\n\n\n<figure class=\"wp-block-image size-large is-resized\"><img loading=\"lazy\" src=\"https:\/\/smart4p.com\/wp-content\/uploads\/2021\/06\/SmartDAR_Build_2-1024x212.png\" alt=\"\" class=\"wp-image-240\" width=\"1024\" height=\"173\"\/><\/figure>\n\n\n\n<p><\/p>\n","protected":false},"excerpt":{"rendered":"<p>SmartDAR\u00ae Ecosystem SmartDAR\u00ae Ecosystem : Un cadre complet d\u2019outils, de m\u00e9thodes, de formations et de composants d\u00e9velopp\u00e9s par Smart4P. Il s\u2019utilise et s&rsquo;ex\u00e9cute principalement sur les plateformes de Business Intelligence Qlik en mode POC, Build et Run. Il comprend un grand nombre de sources (QVS, EXT, Viz), de Template document (DOC, PPT, XLS, \u2026) et [&hellip;]<\/p>\n","protected":false},"author":1,"featured_media":0,"parent":0,"menu_order":0,"comment_status":"closed","ping_status":"closed","template":"","meta":{"inline_featured_image":false},"_links":{"self":[{"href":"https:\/\/smart4p.com\/index.php\/wp-json\/wp\/v2\/pages\/83"}],"collection":[{"href":"https:\/\/smart4p.com\/index.php\/wp-json\/wp\/v2\/pages"}],"about":[{"href":"https:\/\/smart4p.com\/index.php\/wp-json\/wp\/v2\/types\/page"}],"author":[{"embeddable":true,"href":"https:\/\/smart4p.com\/index.php\/wp-json\/wp\/v2\/users\/1"}],"replies":[{"embeddable":true,"href":"https:\/\/smart4p.com\/index.php\/wp-json\/wp\/v2\/comments?post=83"}],"version-history":[{"count":108,"href":"https:\/\/smart4p.com\/index.php\/wp-json\/wp\/v2\/pages\/83\/revisions"}],"predecessor-version":[{"id":829,"href":"https:\/\/smart4p.com\/index.php\/wp-json\/wp\/v2\/pages\/83\/revisions\/829"}],"wp:attachment":[{"href":"https:\/\/smart4p.com\/index.php\/wp-json\/wp\/v2\/media?parent=83"}],"curies":[{"name":"wp","href":"https:\/\/api.w.org\/{rel}","templated":true}]}}